{"id":541,"date":"2026-04-16T16:14:58","date_gmt":"2026-04-16T14:14:58","guid":{"rendered":"https:\/\/mottoknives.pl\/?post_type=product&#038;p=541"},"modified":"2026-04-16T16:14:58","modified_gmt":"2026-04-16T14:14:58","slug":"wrobel-mapa-oliwka","status":"publish","type":"product","link":"https:\/\/mottoknives.pl\/?product=wrobel-mapa-oliwka","title":{"rendered":"Wr\u00f3bel Mapa Oliwka"},"content":{"rendered":"<p>Kompaktowy i gotowy do pracy.<br \/>\nWr\u00f3bel Mapa Oliwka to n\u00f3\u017c EDC zaprojektowany tak, \u017ceby\u015b faktycznie go nosi\u0142 i u\u017cywa\u0142.<br \/>\nProsta, funkcjonalna forma w po\u0142\u0105czeniu z solidn\u0105 geometri\u0105 daje narz\u0119dzie, kt\u00f3re sprawdzi si\u0119 w codziennych zadaniach i w terenie. Pochwa z motywem mapy dodaje charakteru, ale nadal pozostaje w pe\u0142ni u\u017cytkowa.<\/p>\n<p>Dlaczego Wr\u00f3bel?<\/p>\n<ul>\n<li>kompaktowy rozmiar, wygodny do codziennego noszenia<\/li>\n<li>gruby grzbiet (4,4 mm)\u00a0 zapas wytrzyma\u0142o\u015bci<\/li>\n<li>praktyczna geometria, dobra kontrola ci\u0119cia<\/li>\n<li>r\u0119koje\u015b\u0107 z ekarty, pewny chwyt w r\u00f3\u017cnych warunkach<\/li>\n<li><strong>r\u0119czna robota, ka\u017cdy egzemplarz jest unikalny<\/strong><\/li>\n<\/ul>\n<p><strong>SPECYFIKACJA TECHNICZNA :<\/strong><\/p>\n<ul>\n<li dir=\"auto\"><strong>STAL:<\/strong> Niolox<\/li>\n<li dir=\"auto\"><strong>TWARDO\u015a\u0106<\/strong>: 60 HRC<\/li>\n<li dir=\"auto\"><strong>D\u0141UGO\u015a\u0106 CA\u0141KOWITA<\/strong>: 19,5 cm<\/li>\n<li dir=\"auto\"><strong>D\u0141UGO\u015a\u0106 OSTRZA:<\/strong> 9 cm<\/li>\n<li dir=\"auto\"><strong>SZEROKO\u015a\u0106:<\/strong> 3 cm<\/li>\n<li dir=\"auto\"><strong>GRUBO\u015a\u0106:<\/strong> 4,4 mm<\/li>\n<li dir=\"auto\"><strong>K\u0104T OSTRZENIA:<\/strong> 20\u00b0<\/li>\n<li dir=\"auto\"><strong>R\u0118KOJE\u015a\u0106<\/strong>: Ekarta juta zielona<\/li>\n<li dir=\"auto\"><strong>POCHWA:<\/strong> Kydex w wz\u00f3r camo czaszka z mocowaniem Tek-lock 360\u00b0 (mo\u017cliwo\u015b\u0107 wymiany na inny system)<\/li>\n<li dir=\"auto\"><strong>WAGA N\u00d3\u017b\/POCHWA:<\/strong> 165 g\/320 g<\/li>\n<\/ul>\n","protected":false},"excerpt":{"rendered":"<p>Kompaktowy i gotowy do pracy.<br \/>\nWr\u00f3bel Mapa Oliwka to n\u00f3\u017c EDC zaprojektowany tak, \u017ceby\u015b faktycznie go nosi\u0142 i u\u017cywa\u0142.<br \/>\nProsta, funkcjonalna forma w po\u0142\u0105czeniu z solidn\u0105 geometri\u0105 daje narz\u0119dzie, kt\u00f3re sprawdzi si\u0119 w codziennych zadaniach i w terenie. Pochwa z motywem mapy dodaje charakteru, ale nadal pozostaje w pe\u0142ni u\u017cytkowa.<\/p>\n","protected":false},"featured_media":535,"template":"","meta":[],"product_brand":[],"product_cat":[53,55,43,52],"product_tag":[],"class_list":{"0":"post-541","1":"product","2":"type-product","3":"status-publish","4":"has-post-thumbnail","6":"product_cat-edc","7":"product_cat-niolox","8":"product_cat-noz","9":"product_cat-wrobel","11":"first","12":"instock","13":"shipping-taxable","14":"purchasable","15":"product-type-simple"},"jetpack_sharing_enabled":true,"_links":{"self":[{"href":"https:\/\/mottoknives.pl\/index.php?rest_route=\/wp\/v2\/product\/541","targetHints":{"allow":["GET"]}}],"collection":[{"href":"https:\/\/mottoknives.pl\/index.php?rest_route=\/wp\/v2\/product"}],"about":[{"href":"https:\/\/mottoknives.pl\/index.php?rest_route=\/wp\/v2\/types\/product"}],"wp:featuredmedia":[{"embeddable":true,"href":"https:\/\/mottoknives.pl\/index.php?rest_route=\/wp\/v2\/media\/535"}],"wp:attachment":[{"href":"https:\/\/mottoknives.pl\/index.php?rest_route=%2Fwp%2Fv2%2Fmedia&parent=541"}],"wp:term":[{"taxonomy":"product_brand","embeddable":true,"href":"https:\/\/mottoknives.pl\/index.php?rest_route=%2Fwp%2Fv2%2Fproduct_brand&post=541"},{"taxonomy":"product_cat","embeddable":true,"href":"https:\/\/mottoknives.pl\/index.php?rest_route=%2Fwp%2Fv2%2Fproduct_cat&post=541"},{"taxonomy":"product_tag","embeddable":true,"href":"https:\/\/mottoknives.pl\/index.php?rest_route=%2Fwp%2Fv2%2Fproduct_tag&post=541"}],"curies":[{"name":"wp","href":"https:\/\/api.w.org\/{rel}","templated":true}]}}