{"id":507,"date":"2026-04-11T14:22:09","date_gmt":"2026-04-11T12:22:09","guid":{"rendered":"https:\/\/mottoknives.pl\/?post_type=product&#038;p=507"},"modified":"2026-04-12T09:36:37","modified_gmt":"2026-04-12T07:36:37","slug":"wrobel-hybryda","status":"publish","type":"product","link":"https:\/\/mottoknives.pl\/?product=wrobel-hybryda","title":{"rendered":"Wr\u00f3bel Niolox Hybryda"},"content":{"rendered":"<p>Ma\u0142y rozmiarem, ale zdecydowany w charakterze. Kompaktowy n\u00f3\u017c, kt\u00f3ry bez problemu mie\u015bci si\u0119 w d\u0142oni i daje pewny, stabilny chwyt mimo kr\u00f3tszej r\u0119koje\u015bci.<br \/>\nTo narz\u0119dzie stworzone do realnej pracy. Sprawdza si\u0119 w terenie, przy drewnie, ognisku i codziennych zadaniach, gdzie liczy si\u0119 kontrola i przewidywalno\u015b\u0107.<br \/>\nOstrze ma wyra\u017anie zaznaczon\u0105, dynamiczn\u0105 lini\u0119. Szlif wyprowadzony na oko\u0142o 2 cm daje dobr\u0105 kontrol\u0119 ci\u0119cia i wytrzyma\u0142o\u015b\u0107, dzi\u0119ki czemu n\u00f3\u017c radzi sobie zar\u00f3wno przy precyzyjnych pracach, jak i bardziej wymagaj\u0105cym u\u017cyciu.<br \/>\nR\u0119koje\u015b\u0107 z ekarty juta o g\u0119stym splocie daje bardzo pewny chwyt i dobr\u0105 przyczepno\u015b\u0107. Struktura materia\u0142u pracuje z d\u0142oni\u0105 i nie zawodzi nawet w wilgoci czy przy d\u0142u\u017cszym u\u017cytkowaniu.<br \/>\nTen egzemplarz wyr\u00f3\u017cnia si\u0119 hybrydow\u0105 pochw\u0105 \u0142\u0105cz\u0105c\u0105 Kydex i sk\u00f3r\u0119, rozwi\u0105zaniem kt\u00f3re daje zar\u00f3wno trwa\u0142o\u015b\u0107 i pewno\u015b\u0107 trzymania, jak i naturalny wygl\u0105d oraz charakter.<\/p>\n<p>Ka\u017cdy egzemplarz powstaje r\u0119cznie w moim warsztacie.<br \/>\nDost\u0119pna 1 sztuka.<\/p>\n<p><strong>SPECYFIKACJA TECHNICZNA :<\/strong><\/p>\n<ul>\n<li dir=\"auto\"><strong>STAL:<\/strong>\u00a0Niolox<\/li>\n<li dir=\"auto\"><strong>TWARDO\u015a\u0106<\/strong>: 60 HRC<\/li>\n<li dir=\"auto\"><strong>D\u0141UGO\u015a\u0106 CA\u0141KOWITA<\/strong>: 20 cm<\/li>\n<li dir=\"auto\"><strong>D\u0141UGO\u015a\u0106 OSTRZA:<\/strong> 10 cm<\/li>\n<li dir=\"auto\"><strong>SZEROKO\u015a\u0106:<\/strong>\u00a03 cm<\/li>\n<li dir=\"auto\"><strong>GRUBO\u015a\u0106:<\/strong>\u00a04,4 mm<\/li>\n<li dir=\"auto\"><strong>K\u0104T OSTRZENIA:<\/strong>\u00a020\u00b0<\/li>\n<li dir=\"auto\"><strong>R\u0118KOJE\u015a\u0106<\/strong>: Ekarta juta g\u0119sty splot<\/li>\n<li dir=\"auto\"><strong>POCHWA:<\/strong> Hybryda kydex-sk\u00f3ra<\/li>\n<li dir=\"auto\"><strong>WAGA N\u00d3\u017b\/POCHWA:<\/strong> 175 g\/280 g<\/li>\n<\/ul>\n","protected":false},"excerpt":{"rendered":"<p>Wr\u00f3bel w nowej ods\u0142onie. Sprawdzona forma i hybrydowa pochwa Kydex + sk\u00f3ra po\u0142\u0105czenie funkcji, trwa\u0142o\u015bci i charakteru.<\/p>\n","protected":false},"featured_media":480,"template":"","meta":[],"product_brand":[],"product_cat":[41,53,55,43,52],"product_tag":[],"class_list":{"0":"post-507","1":"product","2":"type-product","3":"status-publish","4":"has-post-thumbnail","6":"product_cat-bez-kategorii","7":"product_cat-edc","8":"product_cat-niolox","9":"product_cat-noz","10":"product_cat-wrobel","12":"first","13":"instock","14":"shipping-taxable","15":"purchasable","16":"product-type-simple"},"jetpack_sharing_enabled":true,"_links":{"self":[{"href":"https:\/\/mottoknives.pl\/index.php?rest_route=\/wp\/v2\/product\/507","targetHints":{"allow":["GET"]}}],"collection":[{"href":"https:\/\/mottoknives.pl\/index.php?rest_route=\/wp\/v2\/product"}],"about":[{"href":"https:\/\/mottoknives.pl\/index.php?rest_route=\/wp\/v2\/types\/product"}],"wp:featuredmedia":[{"embeddable":true,"href":"https:\/\/mottoknives.pl\/index.php?rest_route=\/wp\/v2\/media\/480"}],"wp:attachment":[{"href":"https:\/\/mottoknives.pl\/index.php?rest_route=%2Fwp%2Fv2%2Fmedia&parent=507"}],"wp:term":[{"taxonomy":"product_brand","embeddable":true,"href":"https:\/\/mottoknives.pl\/index.php?rest_route=%2Fwp%2Fv2%2Fproduct_brand&post=507"},{"taxonomy":"product_cat","embeddable":true,"href":"https:\/\/mottoknives.pl\/index.php?rest_route=%2Fwp%2Fv2%2Fproduct_cat&post=507"},{"taxonomy":"product_tag","embeddable":true,"href":"https:\/\/mottoknives.pl\/index.php?rest_route=%2Fwp%2Fv2%2Fproduct_tag&post=507"}],"curies":[{"name":"wp","href":"https:\/\/api.w.org\/{rel}","templated":true}]}}